actor of 275 and d.
55
Let w be (16 - (20 - 9)) + 1678. What is the greatest common factor of 33 and w?
33
Let l = 41 - 38. Suppose 67 = 4*a - 2*y - 65, -99 = -l*a + y. Let m be 2/((-24)/(-22) + -1). Calculate the greatest common factor of m and a.
11
Let u(j) = -j + 7. Let q be u(4). Suppose -q*a + g + 1 = -15, -5*g + 10 = 0. What is the greatest common divisor of 24 and a?
6
Suppose -2*b - 6 = 5*f - 106, -4*f = 2*b - 104. Calculate the greatest common factor of b and 540.
60
Let d = 1158 + -838. Calculate the greatest common factor of d and 10.
10
Let n be (-6)/(2 - -1 - 5). Suppose 109 = 7*a + 4. Calculate the greatest common factor of n and a.
3
Let g = -24 - -27. Suppose -g*b + 3*s = -18, 2*s + 2*s = 16. Let c be b/(-8)*(-11 + -1). What is the highest common divisor of 15 and c?
15
Let c(b) = -b**2 - 19*b - 81. Let p be c(-9). What is the greatest common factor of p and 2439?
9
Suppose 0 = -4*p - 4*d + 112, -11*d + 12*d - 4 = 0. Calculate the greatest common factor of 480 and p.
24
Suppose 5*w - 47 = -3*q, -2*q + 17*w - 12*w = 2. Calculate the greatest common factor of q and 549.
9
Let x = -27 + 22. Let i be ((-18)/7)/(x/35). Calculate the highest common factor of 144 and i.
18
Let a be -1 + (-1 - 2) + 19. Let h = 7 - 3. Suppose -g + 2 = -h. Calculate the greatest common factor of g and a.
3
Let l be (-2763)/(-72) - 9/24. Suppose 100 = -33*j + l*j. Calculate the greatest common factor of 50 and j.
10
Suppose -7*b + 6534 = 26*b. What is the highest common factor of b and 154?
22
Let l(h) = 102*h - 6. Let i be l(3). Suppose t + i = 6*t. Calculate the highest common factor of 45 and t.
15
Let t(g) = g**3 - 3*g**2 - 5*g + 3. Let l be t(5). What is the greatest common divisor of l and 644?
28
Let m(t) = 80*t**2 - 37*t + 105. Let o be m(3). What is the highest common divisor of o and 21?
21
Let k be (10 + 270)/(-10)*(-18)/8. What is the highest common divisor of 7 and k?
7
Let g be (-2)/(-7) - 1732/(-14). Suppose 404 - g = 4*x. Suppose -5*v - 120 + 170 = 0. What is the greatest common factor of v and x?
10
Suppose 4*n + 46 = 266. Let q be (23 + -1)/(-4 + 6). Calculate the highest common divisor of q and n.
11
Let v = 1200 - -1176. Suppose -2*j - v = -10*j. What is the highest common factor of 27 and j?
27
Suppose 2*c + 5 = -3*c. Let t be 18 + 1 + 1 + c. Let w = 66 + t. Calculate the greatest common divisor of w and 34.
17
Let f(n) = -1. Let a(m) = -2*m + 43. Let u(o) = a(o) + 5*f(o). Let h be u(18). Calculate the highest common divisor of h and 1.
1
Suppose -4*i - 4 = 0, 0 = 3*j + 5*i - 82 - 39. What is the greatest common divisor of 231 and j?
21
Let n(x) = 33*x - 242. Let t be n(8). What is the highest common factor of 209 and t?
11
Let a(m) = 11*m**2 + 1. Let z be a(1). Suppose -z = -3*h + 6. Let i = 0 + 18. What is the greatest common factor of h and i?
6
Suppose 2*s = 735 + 155. Let q = s - 139. Calculate the highest common divisor of q and 34.
34
Let a = -20 - -42. Suppose 3*r - 23 = m, -2*r + 12 = 4*m - 8*m. Suppose w = -r*w + 18. Calculate the greatest common factor of w and a.
2
Suppose -5*t - 25 = 0, -7*u + 3*t = -9*u + 977. What is the greatest common divisor of u and 93?
31
Let l be (14/(-3))/(((-24)/(-9))/4). Let p be (-1)/(-5) + (1218/(-30))/l. Calculate the highest common factor of 6 and p.
6
Let m = -612 + 618. What is the greatest common factor of 6 and m?
6
Suppose -2*u - 5 = -3. Let r be (u + 0)/(4/(-32)). Calculate the highest common divisor of 72 and r.
8
Let b(n) = -11*n + 110. Let z be b(0). Calculate the greatest common divisor of 275 and z.
55
Suppose -z = 4*k - 63, 0*k - 2*k + 27 = 5*z. What is the greatest common divisor of 208 and k?
16
Let n(v) = 29*v**3 + 4*v**2 + 9*v - 18. Let j be n(2). Calculate the highest common factor of 930 and j.
62
Let v(d) = -2*d**2 + 34*d + 29. Let r be v(16). Calculate the highest common factor of 793 and r.
61
Suppose 0 = -229*o + 209*o + 14520. What is the highest common factor of 132 and o?
66
Suppose 4*z = -c + 22, -c + 3*z - 5 - 8 = 0. Suppose 2*p = -c*r + 6*r + 92, -3*r - 258 = -5*p. Calculate the highest common divisor of 36 and p.
18
Let j be -1*(-3)/3 - -77. Suppose 2*k = -4*p - 0*k + j, p = 2*k + 27. Calculate the highest common divisor of p and 7.
7
Let x(c) = 15*c. Let u be x(5). Suppose -2*m - u = -3*m. Suppose -11*f + 7*f + 4*l + 40 = 0, 0 = -4*f + l + 55. What is the highest common factor of f and m?
15
Let d be (6*5/(10/138))/1. What is the greatest common factor of 92 and d?
46
Let o(n) = n**3 - 4*n**2 - 2*n + 10. Let x be o(5). Let j be ((-210)/x)/((-3)/15*1). What is the greatest common divisor of 42 and j?
42
Suppose 4*q - 896 = 1036. Let y = q - 330. Let f = 48 - 31. What is the highest common factor of y and f?
17
Suppose -4*b = -2*b - 192. What is the greatest common divisor of b and 64?
32
Let n = -1295 - -1297. Calculate the highest common divisor of n and 94.
2
Let o = -20 - 52. Let s = o + 75. What is the greatest common factor of s and 24?
3
Let l = 55 + -37. Let u = -2330 - -2348. Calculate the greatest common factor of l and u.
18
Suppose -4*z + 5*z = 1. Suppose b - 5*b = 32. Let s = z - b. Calculate the greatest common divisor of 72 and s.
9
Let x(g) = g**2 - g - 14. Let q be x(0). Let h = q + 29. Let c be ((12/5)/(-2))/(4/(-100)). What is the greatest common factor of c and h?
15
Let c be ((-4)/(-12)*-1)/((-5)/255). What is the greatest common factor of c and 238?
17
Let m = 331 + -187. Let y be (-265)/(-15) - 1/(-3). Calculate the highest common divisor of m and y.
18
Suppose -p = -3, -2*p + 133 = 5*r - 6*p. Let n = r - 53. Let j be ((-6)/18)/(1/n). Calculate the highest common divisor of 1 and j.
1
Suppose -5*c - 2*m = -344, 4*c + 347 = 9*c + m. What is the greatest common divisor of 21 and c?
7
Suppose t - 103 = -0*t - c, 0 = 3*t + 2*c - 311. Suppose -5*d + 3*r - 6*r + 72 = 0, -2*r + 58 = 4*d. Calculate the greatest common divisor of t and d.
15
Let b be ((-6)/(-4) - 4)*-290. Suppose -10*j + 265 = -b. Let q(o) = o**2 + 2. Let l be q(-3). What is the highest common divisor of l and j?
11
Suppose -s + 26 = 2*r, s + 15 = 2*r - 15. Let g be (3 - 5)/(4/r). Let q be g/(-28) + 183/4. Calculate the greatest common divisor of 115 and q.
23
Let l(a) = -32*a + 3. Let s be 2/(-4)*(7 - 1). Let m be l(s). Suppose -10*h - 4 = -8*h, -h = 5*y - 43. What is the highest common divisor of y and m?
9
Suppose 37*h + 252 = 46*h. Calculate the highest common divisor of 112 and h.
28
Let r(n) = 22*n**2 + 56*n - 158. Let q be r(3). Suppose 0*v - 13 = -v. What is the greatest common divisor of v and q?
13
Suppose 11*q + 420 = 18*q. Calculate the greatest common divisor of q and 270.
30
Suppose -2*n + 27 - 7 = 0. Suppose 0 = 2*c + n - 42. What is the greatest common factor of c and 144?
16
Let f be (-9)/(-3)*12/9. Let m = f - -10. Let y be -3 - (-97 - (6 + -2)). Calculate the highest common factor of m and y.
14
Suppose -2 + 8 = -o. Let u(g) = -g - 4. Let v be u(o). Suppose -4*l + 112 = 2*m, -v*l + 14 = -m - 42. What is the highest common divisor of 140 and l?
28
Let f(w) = 2*w - 3. Let h be f(3). Let s be h/(126/(-44) + 3). What is the highest common factor of s and 66?
22
Let w be (-1488)/16*(0 + 1). Let v = w + 159. Calculate the highest common factor of v and 44.
22
Let z be ((-385)/20)/(23/(-1104)). Calculate the highest common factor of 84 and z.
84
Let j = -1799 - -1822. Calculate the highest common divisor of j and 115.
23
Suppose 0 = -15*a + 16*a - 148. Let n = a - 83. Calculate the greatest common divisor of n and 5.
5
Suppose -1 = y - 3*l, 117*y + 3*l - 34 = 115*y. What is the highest common factor of y and 121?
11
Let q = -404 + 854. Suppose 0 = -16*o + 7*o + q. Suppose 5 + 5 = s. Calculate the highest common divisor of s and o.
10
Suppose -4*n = 54 - 2. Let y = 16 + n. Calculate the highest common factor of y and 15.
3
Let f = 7 + -4. Suppose 36 = f*q - 18. Suppose -n = -4*n + 108. What is the greatest common divisor of n and q?
18
Let v(o) = 3*o + o - 22*o**2 + 30*o**2. Let n(u) = u**2 - 6*u + 1. Let w be n(5). Let y be v(w). What is the greatest common divisor of 16 and y?
16
Let h be (5 - (2 + 2))*0. Suppose 3*z + 4*o - 2 - 1 = h, o - 2 = -2*z. Calculate the highest common factor of 2 and z.
1
Suppose 6*j + 870 = -4*j. Let v = 101 + j. What is the highest com